(b) = -3 + 38*b**2 + b**3 + 0*b - 34*b**2 + 4*b. Calculate a(y).
-19
Let l be (22 - 11) + (-4 - -3). Let k(p) be the third derivative of p**6/120 - 3*p**5/20 - p**4/2 - 4*p**3/3 + 160*p**2. What is k(l)?
-28
Let u(d) be the first derivative of -1/2*d**2 - 22*d - 21. Calculate u(0).
-22
Let p(y) = -y**2 + 6*y - 3. Let v be p(5). Let s be -2 - 2/5*(-15 - -5). Let z(g) = -3 - g + 2*g**2 - 4*g**2 + 4 + g**s. What is z(v)?
-5
Let q(g) = -127*g + 819. Let s(w) = 34*w - 205. Let j(f) = -2*q(f) - 9*s(f). Give j(4).
-1
Let z(h) = h + 18. Let m be 126/(-4) - 2/(-4). Let w(d) = d**2 - 120*d + 1168. Let t be w(11). Let b = t - m. Give z(b).
18
Let d(q) = -2*q + 4. Suppose -2*s + 1863 = 1877. Give d(s).
18
Let j(d) = 116*d + 170. Let z(h) = -63*h - 84. Let f(c) = 6*j(c) + 11*z(c). Give f(-26).
18
Let m(y) be the first derivative of y**4/12 - y**3/3 - 2*y**2 + 190*y - 22. Let d(s) be the first derivative of m(s). Calculate d(3).
-1
Let k(u) = 2*u**2 - 10*u - 1. Suppose 592 - 87 = 38*o + 315. Determine k(o).
-1
Let h = -9953 - -9951. Let o = 2 + -1. Let b(f) = 6 + f - o - 5. Give b(h).
-2
Suppose 9*y - 11*y - 2*s = -8, -4*y + 16 = -s. Let i(q) = 20*q - 65. Give i(y).
15
Let m(p) = 15*p - 7 - 15*p**2 - 7 + 6*p**3 - 5*p**3. Suppose 231*l - 168*l - 6972 = -435*l. Give m(l).
0
Suppose -4 + 2 = -y + 5*a, a - 36 = -5*y. Let p(w) = -y*w - 1 - 3 - 5*w**2 + w**3 + 2*w + 9*w. What is p(4)?
-4
Let u(w) = -3*w + 40. Let q be (66/6)/((-76)/(-266) + 5/7). Give u(q).
7
Let k(v) = 9 - 94*v + 85*v - 11 - 70. Let r be k(-7). Let b(s) = 2*s + 12. What is b(r)?
-6
Suppose -s + 35 = -2*p - 0*p, -3*p - 69 = -2*s. Let y(t) = -s*t + 6 + 7*t**2 + 24*t + 3*t**3 - 4*t**3. Give y(6).
-12
Let q be 4/22 - 14619/(-121). Let h(p) = -q*p + 1 + 120*p - 8. What is h(3)?
-10
Let i(y) = 3*y**3 + 6*y**2 + 284*y + 15. Let w(o) = -3*o**3 - 7*o**2 - 229*o - 16. Let r(s) = 4*i(s) + 5*w(s). Determine r(-4).
32
Let d(m) = -m**3 + 9*m**2 + m - 14. Let s be d(9). Let j(w) be the second derivative of -w**3 + 5*w - 1/2*w**4 + 0 - 1/20*w**5 + w**2. Determine j(s).
7
Let k(u) be the second derivative of -4*u + 0 - 1/3*u**3 + 9/2*u**2. Let b = -669 - -675. Give k(b).
-3
Let s(y) = 3*y - 6. Let x = 121 - 95. Suppose -x = 5*v - 56. What is s(v)?
12
Let a = 186 + -182. Let j(u) = -48*u**2 - 2 - a + 89*u**2 + 7*u - 42*u**2. What is j(5)?
4
Let s = 4495 - 4495. Let c(t) be the third derivative of -1/24*t**4 + 5/6*t**3 + 15*t**2 + 0*t + s. Determine c(3).
2
Let l(t) = t - 1. Let k(d) = -4*d**3 + 3*d**2 - 2 + 2*d**3 + 2*d + 1. Let p(h) = k(h) + 2*l(h). Let j be (5 - 26)*2/(6*(-70)/30). Determine p(j).
-18
Let r(l) = l + 1. Let i(n) = -n**2 + n - 6. Let k(s) = -i(s) - 3*r(s). Let w(x) = 28*x - 120. Let c be w(7). Suppose 0 = c*f - 69*f - 21. Determine k(f).
0
Let p = 295 + -294. Let c be (-5)/10*(-1 - 1). Let b = p + c. Let k(n) = n - 1. Calculate k(b).
1
Let f(o) = o**3 - 2*o**2 - 2*o - 25. Suppose 9*p = 11*p - v - 7, -5*p - v = -21. What is f(p)?
-1
Let y(c) be the third derivative of c**6/120 + c**5/12 + c**4/24 + c**3/6 - 8*c**2. Suppose 4*o - 3*o = 0. Suppose -l + 0 = j + 1, o = 3*j + 4*l - 1. Give y(j).
-4
Let n(v) be the second derivative of -v**4/3 + 5*v**3/6 - 3*v**2/2 + 690*v + 2. What is n(3)?
-24
Let p(l) be the third derivative of l**4/24 + 5*l**3/2 + 404*l**2. What is p(6)?
21
Let n(h) = -h. Let x be (1 + (0 - 0))*-1*3. Let u be (-8)/(-6) + (-23)/x. Suppose -u = -6*f - 21. Determine n(f).
2
Let c(u) = u**2 - 20*u + 4. Let f be c(20). Suppose 0 = 4*s + f*i - 18 + 58, 3*i + 36 = -4*s. Let m(a) = -7*a**2 - 7*a**2 + 13*a**2 - 8*a - 8. Give m(s).
4
Suppose 5*k = -2*w - 26, -5*w = 5*k + 9 + 26. Let z(j) = -9 + 5 - j + 2*j. Calculate z(k).
-8
Let j(f) = f**2. Let a(s) = -4*s**2 - 10*s - 10. Let t(y) = -a(y) - 3*j(y). Suppose 37*h - 17*h = 16*h - 32. Give t(h).
-6
Let m be (39 + (-3)/3)/(35/(-5) + 9). Let k(r) = 4*r - 59. Give k(m).
17
Let b(d) = d**3 - d**2 + 6. Let g = -9069 - -9071. Determine b(g).
10
Let h = -866 - -2355. Let i(p) = -3*p + h - p - 1485. What is i(2)?
-4
Let v(i) = 4*i - 6. Let h = -11021 + 11027. Determine v(h).
18
Let b(t) = -16*t**2 - 25*t + 336. Let q(l) = -51*l**2 - 76*l + 1015. Let c(u) = -16*b(u) + 5*q(u). Determine c(-30).
-1
Let r(m) be the third derivative of m**5/15 - m**4/3 - m**3/2 - 294*m**2 - 2*m. Determine r(6).
93
Let c(b) = -45*b**2 + 3*b + 1. Suppose -3*z - 18 = 5*f, -2*z + 5*f + 105 - 92 = 0. What is c(z)?
-47
Let n(w) = -8*w**2 - 13. Let u(o) = o**2 + 2. Let l(d) = -n(d) - 6*u(d). Let j(s) = -9*s**2 - 5*s - 6. Let x(y) = -j(y) - 4*l(y). Give x(-3).
-4
Let f(c) = -16*c + 1. Let d = 1096 + -1095. Give f(d).
-15
Suppose -520*t + 5 = -5*n - 515*t, 0 = -4*n - 5*t + 41. Let g(s) = -s**2 + 7*s - 3. Calculate g(n).
9
Let p = 82969/12 + -6914. Let m(b) be the second derivative of -p*b**4 + 0 - 5/6*b**3 - 7*b - 7/2*b**2. Give m(-5).
-7
Let r(f) = 68*f - 19. Let l(a) = 45*a - 22. Let b(t) = -3*l(t) + 2*r(t). Calculate b(-34).
-6
Let g(s) = -3 - s**2 + s**3 - 1 + 11*s**2. Suppose -16*f = -20*f - 20, 0 = -4*t + 2*f - 7478. Let k = 1862 + t. Calculate g(k).
-4
Let c(f) be the first derivative of -15*f**2 - 359*f - 12336. Determine c(-12).
1
Suppose 4*k - 36 = 3*u, -24*k + 22*k = 2*u - 18. Let c(x) be the second derivative of 3/2*x**3 + 0 - 1/12*x**4 - 5*x - 5/2*x**2. Give c(k).
-5
Let x(y) = 2*y + 5. Let r(o) = -o - 4. Let z(a) = -2*r(a) - 3*x(a). Let i be z(-2). Let c(m) = -2*m + 0*m - 2*m - 3*m - i. What is c(1)?
-8
Let n(v) be the second derivative of -v**2 - 45 + 2*v + 1/6*v**3 - 1/12*v**4. Calculate n(0).
-2
Let b(r) be the third derivative of r**5/60 - r**4/3 + r**3 - 3025*r**2 - r. Suppose -5*s - t = -0*s - 29, 2*t - 33 = -5*s. Determine b(s).
-9
Let m = 18 - 11. Let y(u) be the first derivative of -17 + 2*u**3 - 1/4*u**4 + 7/2*u**2 + 5*u. Give y(m).
5
Let r(w) = 79262*w**2 - 13*w - 79261*w**2 + 4 - 4. Calculate r(11).
-22
Let l(i) be the first derivative of -i**7/840 - i**6/72 + 7*i**5/120 - 5*i**4/24 - i**3 - 9*i**2/2 - 41. Let c(p) be the third derivative of l(p). Give c(-6).
-11
Let c(v) = -3*v**2 - 20. Let k(o) = o**2 + 99*o + 2454. Let m be k(-51). Determine c(m).
-128
Let y(b) = b**3 + 7*b**2 - 7*b - 12. Suppose 5*z - 13 = g, 5*g = 10*g + 3*z + 37. What is y(g)?
-20
Let w(k) be the first derivative of -7/3*k**3 + k**2 + 1/4*k**4 - 10 - 12*k. Let n be w(7). Let m(q) = -4*q**2 - 2*q - 1. What is m(n)?
-21
Suppose -2*b - g = 61, 4*b + 71 + 72 = 5*g. Let m = b + 57. Let s = -18 + m. Let k(c) = -c**3 + 8*c**2 - 9*c + 9. Give k(s).
-5
Let c be (-9)/(-7) + 10/(-35). Let g be (c/(-1))/(7/(-2) + 4). Let f(r) be the second derivative of r**4/12 + 5*r**3/6 + r**2 + 13*r. Determine f(g).
-4
Let w(x) = -61 - 20 + 6 - 9 - 10 + 9*x. What is w(11)?
5
Let w(b) = 10*b - 37. Let s be w(4). Let l(k) be the third derivative of -k**6/120 + k**5/15 - 5*k**4/24 + k**3/2 + 151*k**2. Determine l(s).
-3
Let c(f) be the second derivative of f**5/20 + 13*f**4/12 - 7*f**3/6 + 17*f**2/2 + f + 1757. Determine c(-14).
-81
Suppose -5*s - o + 63 = -4*o, 2*s = 5*o + 29. Let x(n) = -8*n**3 - n**2 + s*n + 2 + 4*n**3 - 11*n. Give x(-2).
28
Let n(j) = j - 22. Let z be 5/15*12 + (-4 - (-48)/(-6)). Calculate n(z).
-30
Let x be 2/15*(83 - 98). Let f(t) = 261*t + 515. What is f(x)?
-7
Let i(v) = -v**3 - v**2 + 3*v + 8. Suppose g + 4*h = -14, 0 = -h + 160 - 163. What is i(g)?
6
Suppose 4*x = 2 - 14. Let i be (96/(-9))/4 + x/9. Let t be i*3/1*4/12. Let b(d) = d**3 + 2*d**2 - 5*d - 3. Determine b(t).
3
Let d(j) = 2*j**3 + 54*j**2 - 108*j + 60. Let i(a) = -a**3 - 26*a**2 + 56*a - 30. Let m(b) = -3*d(b) - 7*i(b). Give m(-23).
7
Let g(s) = -s + 13. Let p be g(9). Suppose 3*f - 4*f = p. Let d(i) = 959*i - 1919*i + 955*i - i**2. Give d(f).
4
Let m(g) be the second derivative of 0 + 1/6*g**3 + 4*g + 11/2*g**2. What is m(-10)?
1
Suppose -2*j - 3*u + 673 = 0, 5*j - 916 - 714 = 3*u. Let i = j + -327. Let s(v) = 4*v + 4. Let h(q) = -2*q - 2. Let g(l) = 5*h(l) + 2*s(l). Give g(i).
-6
Let l be (-6)/(-9) + (1980/27)/10. Let n = -8 + l. Let x(i) = i**3 - i**2 + i - 3. Give x(n).
-3
Let j(w) = -7*w**3 + 49*w**2 - 3*w + 20. Let n(b) = b**3 - 13*b**2 + 47*b - 28. Let t be n(5). What is j(t)?
-1
Let b(x) = 5*x**3 + 35*x**2 + 3*x + 20. Let w(m) = 2*m**3 + 14*m**2 + m + 8. Let l(u) = -5*b(u) + 13*w(u). Let r = -21 + 14. Calculate 